 7. What is f(-8)?
39
Let t(q) = q**3 + 4*q**2 + 6. What is t(-4)?
6
Let l(f) = 6*f**2 - f. Determine l(-2).
26
Let x(b) = 9*b + 81. What is x(0)?
81
Let f(p) = -p**2 + 9*p - 5. Give f(9).
-5
Let w(h) = 54*h**3 + 2*h**2 + 2*h. Determine w(-1).
-54
Let d(m) = 8*m - 3. Determine d(2).
13
Let f(h) = 2*h + 6. Calculate f(0).
6
Let f(i) = i**2 - 29*i + 192. What is f(9)?
12
Let n(r) = -r**2 - 45*r - 486. Determine n(-17).
-10
Let r(y) = -2*y - 27. Calculate r(15).
-57
Let m(u) = 2*u - 9. Calculate m(16).
23
Let y(p) = 2*p**2 - 18*p - 21. Calculate y(9).
-21
Let a(j) = -j**3 - 5*j**2 - 6*j - 4. Give a(-4).
4
Let t(x) = x**2 - 16*x + 15. Determine t(15).
0
Let j(w) = -w**2 - 6*w - 1. Calculate j(-6).
-1
Let l(s) = s**3 - 8*s**2 + 10*s + 11. What is l(5)?
-14
Let f(h) = -h**3 + 11*h**2 - 11*h + 16. Calculate f(11).
-105
Let o(d) = -9*d + 88. Determine o(9).
7
Let d(w) = -17*w - 81. What is d(-5)?
4
Let c(u) = u**3 - u**2 + 6. Give c(0).
6
Let l(w) = 6*w - 55. Give l(4).
-31
Let b(t) = 59*t - 2. Determine b(1).
57
Let q(f) = 94*f - 280. Give q(3).
2
Let x(u) = -2*u**3 - 12*u**2 + 2*u + 4. Calculate x(-6).
-8
Let j(p) = 23*p**2 - 140*p + 10. Calculate j(6).
-2
Let u(v) = 5*v**2 + 27*v - 107. Calculate u(-8).
-3
Let c(z) = -3*z + 2. Determine c(2).
-4
Let o(s) = -2*s + 29. What is o(16)?
-3
Let y(r) = -r**2 - 21*r - 4. Calculate y(-21).
-4
Let b(o) = -4*o**3 - o**2 + 3*o - 2. Determine b(-2).
20
Let c(q) = 5*q**3 + q**2. Calculate c(-2).
-36
Let h(k) = k**3 - 8*k**2 + 4*k - 43. Calculate h(8).
-11
Let j(b) = b**2 + 2*b + 3. Determine j(-3).
6
Let b(a) = a**3 - 18*a**2 + 2*a - 31. What is b(18)?
5
Let a(h) = h**2 - 15*h - 11. Determine a(11).
-55
Let d(r) = 5*r**2 - 3*r - 4. Give d(-3).
50
Let r(p) = -3*p + 37. Calculate r(15).
-8
Let i(j) = j**2 - 10*j - 44. What is i(13)?
-5
Let m(i) = -3*i - 5. What is m(-1)?
-2
Let a(o) = o + 1. Determine a(-2).
-1
Let z(l) = 4*l - 20. Calculate z(6).
4
Let p(b) = b**2 - 2*b - 4. What is p(5)?
11
Let z(y) = y - 56. Determine z(20).
-36
Let b(z) = -21*z**3 + z + 1. Calculate b(-1).
21
Let k(w) = w**3 - 3*w**2 - 34*w - 6. Calculate k(8).
42
Let w(v) = -3*v - 11. Give w(9).
-38
Let r(q) = -2*q**2 + 14*q - 11. Determine r(6).
1
Let v(w) = -w**3 + w. Give v(-2).
6
Let u(x) = -x**3 + 18*x**2 - 9*x - 7. Determine u(17).
129
Let t(m) = m**3 + 15*m**2 + 16*m + 11. Give t(-14).
-17
Let i(t) = t**2 + 19*t + 87. What is i(-7)?
3
Let h(y) = -y - 2. Calculate h(8).
-10
Let h(i) = 2*i**3 + 8*i**2 + 3*i - 1. What is h(-5)?
-66
Let p(r) = 6*r - 10. What is p(5)?
20
Let n(g) = g**3 + 12*g**2 + 2*g + 18. Determine n(-12).
-6
Let s(o) = -9*o**3 - 1. What is s(2)?
-73
Let s(g) = g**3 + 30*g**2 - 29*g + 32. Calculate s(-31).
-30
Let k(x) = 239*x - 720. Calculate k(3).
-3
Let d(a) = a**3 - 4*a**2 + 6*a - 5. Determine d(4).
19
Let j(s) = s**2 + 11*s + 29. Determine j(-4).
1
Let r(n) = n**3 + 7*n**2 + 9*n + 1. Calculate r(-6).
-17
Let c(t) = t**2 - 15*t + 29. Give c(12).
-7
Let s(k) = k**3 + 3*k**2 - 4*k - 1. Determine s(-4).
-1
Let t(c) = -c**2 - 6*c - 8. Calculate t(-3).
1
Let s(i) = 3*i**2 + 14*i - 15. What is s(1)?
2
Let s(k) = -k**2 - k - 110. Give s(0).
-110
Let n(m) = -5*m**2 - 42*m - 1. What is n(-9)?
-28
Let d(g) = -g**3 + 3*g**2 + 51*g - 159. Determine d(7).
2
Let h(m) = m**3 - m**2 + m - 103. Calculate h(0).
-103
Let h(f) = -2*f**2 + 8*f + 30. Determine h(5).
20
Let v(p) = p**3 + 7*p**2 + 4*p + 8. Calculate v(-7).
-20
Let s(k) = -4*k**3 - k**2 - 3*k - 1. What is s(-1)?
5
Let w(b) = b**2 - 12*b + 10. What is w(12)?
10
Let f(i) = -i**2 - 14*i - 25. Give f(-18).
-97
Let u(v) = v**3 + 10*v**2 + 3*v - 3. Calculate u(-10).
-33
Let z(d) = -9*d**3 - d**2 + 5*d - 8. Give z(2).
-74
Let v(z) = -14*z - 7. Give v(1).
-21
Let y(j) = 2*j**2 + 8*j - 19. Calculate y(-6).
5
Let q(p) = p**2 - 6*p + 9. Determine q(4).
1
Let s(v) = -v**2 - 2. Give s(3).
-11
Let q(r) = 3*r + 5. Calculate q(-3).
-4
Let w(x) = -x**3 - 8*x**2 - 12*x + 10. Give w(-6).
10
Let d(z) = z**3 + 2*z**2 - 7*z + 11. What is d(-4)?
7
Let u(v) = 2*v**3 - 18*v**2 + 15*v + 2. What is u(8)?
-6
Let t(l) = -l**3 - 3*l - 5. Calculate t(0).
-5
Let h(g) = -g**3 - g**2 + 2*g + 2. Determine h(-3).
14
Let c(h) = 3*h + 33. Give c(-9).
6
Let j(q) = q**3 + 7*q**2 - 12*q - 2. What is j(-8)?
30
Let o(c) = -c**3 - c**2 + 4*c - 3. Calculate o(2).
-7
Let t(q) = -q**3 - 22*q**2 + 51*q + 68. What is t(-24)?
-4
Let t(i) = 2*i**3 + i**2 + 10*i + 2. Determine t(-3).
-73
Let r(y) = -y**3 + 15*y**2 - 11*y + 6. Give r(14).
48
Let p(f) = 11*f + 347. Calculate p(-31).
6
Let x(s) = -4*s**2 + 10*s + 1. What is x(-3)?
-65
Let v(k) = -k**3 - 8*k**2 - 5*k - 7. What is v(-7)?
-21
Let f(c) = -c**2 + 17*c - 10. Give f(14).
32
Let m(c) = c**2 - 7*c - 4. Give m(7).
-4
Let v(c) = c**2 - 21*c - 33. Determine v(22).
-11
Let v(n) = 22*n + 121. Give v(-5).
11
Let c(v) = -8*v + 40. What is c(5)?
0
Let l(p) = p**3 + 16*p**2 + 15*p + 3. Determine l(-15).
3
Let i(x) = -x**3 + 12*x**2 - 10*x - 9. What is i(11)?
2
Let k(s) = s**2 - 13*s - 12. Determine k(14).
2
Let w(p) = 2*p**2 + 6. Determine w(-4).
38
Let c(k) = -k**3 - 3*k - 5. What is c(-4)?
71
Let a(s) = -s**3 - 20*s**2 + 46*s + 46. What is a(-22)?
2
Let d(w) = w**3 + 6*w**2 - 12*w - 8. Give d(-8).
-40
Let q(s) = 3*s - 8. What is q(16)?
40
Let k(f) = f**3 + 5*f**2 + 5*f + 5. Determine k(-3).
8
Let r(f) = f**3 - 28*f**2 + 74*f + 26. Give r(25).
1
Let h(s) = 3*s - 27. Give h(10).
3
Let q(t) = -8*t**2 - 2*t + 5. Calculate q(3).
-73
Let r(x) = 3*x**2 + 8*x - 7. Calculate r(1).
4
Let h(v) = 3*v + 4. Calculate h(0).
4
Let m(k) = 2*k**3 + 18*k**2 + k - 10. Calculate m(-9).
-19
Let n(r) = -2*r**3 - 29*r**2 + 16*r + 25. Give n(-15).
10
Let i(p) = 16*p + 133. Give i(-6).
37
Let f(t) = 13*t**3 - 2*t - 3. Give f(-1).
-14
Let w(h) = h**2 + 7. Calculate w(-3).
16
Let g(r) = r**3 + 18*r**2 + 14*r - 41. What is g(-17)?
10
Let c(t) = -t**3 - 34*t**2 - 30*t + 4. Determine c(-33).
-95
Let r(s) = s**2 - s + 30. Give r(0).
30
Let l(h) = 7*h - 23. What is l(5)?
12
Let b(n) = n**3 + 4*n**2 - 5*n - 6. What is b(-6)?
-48
Let i(t) = t + 3. Give i(2).
5
Let b(s) = -s + 3. Calculate b(-14).
17
Let c(j) = j**2 + 3*j - 14. What is c(-7)?
14
Let u(l) = l**2 - 4. Determine u(-3).
5
Let h(y) = -y**3 - 5*y**2 + 5*y + 3. What is h(-5)?
-22
Let o(x) = -x**2 + 9. Give o(3).
0
Let a(y) = y**2 + 2*y. Determine a(-1).
-1
Let i(p) = -p**2 + p - 2. Determine i(-3).
-14
Let c(q) = q**3 + 5*q**2 + 2*q - 1. Calculate c(-5).
-11
Let z(d) = d**3 - 5*d**2 + 9*d - 3. What is z(3)?
6
Let a(n) = -n**2 + 30*n - 112. What is a(25)?
13
Let o(w) = -2*w + 22. Give o(6).
10
Let x(y) = y**3 - 7*y**2 + 2*y - 5. What is x(7)?
9
Let f(d) = d**2 - 19*d + 41. Give f(16).
-7
Let j(o) = -o**2 + 6*o - 6. Calculate j(7).
-13
Let n(o) = -o**2 - 7*o - 8. Determine n(-5).
2
Let c(l) = 19*l + 202. Give c(-11).
-7
Let m(n) = -n - 12. Calculate m(-6).
-6
Let w(k) = 5*k + 51. What is w(-13)?
-14
Let m(x) = -x**3 + 2*x**2 + 3*x + 4. Calculate m(3).
4
Let a(o) = o**3 + 9*o**2 + 8*o + 2. Give a(-8).
2
Let l(o) = -o**3 + 16*o**2 - 17*o + 25. Give l(15).
-5
Let y(t) = t**2 - 6*t + 7. What is y(2)?
-1
Let f(h) = 50*h + 450. Determine f(-9).
0
Let d(m) = 8*m**3 + m**2 + m + 1. Calculate d(2).
71
Let q(p) = -13*p + 26. What is q(3)?
-13
Let m(b) = -b**2 + 11*b + 241. Calculate m(-11).
-1
Let w(v) = v**3 + 7*v**2 + 7*v - 9. What is w(-4)?
11
Let d(f) = f**2 + 23*f - 54. Determine d(-25).
-4
Let g(z) = -z**3 + 2*z. Give g(2).
-4
Let p(i) = -7*i - 2. Give p(-2).
12
Let p(y) = -3*y**2 + 6*y. Calculate p(4).
-24
Let c(v) = v**3 - 20*v**2 - 24*v + 30. What is c(21)?
-33
Let o(b) = -b**2 - 23*b + 3. Give o(-22).
25
Let d(y) = -y**2 + 49*y + 329. What is d(-6)?
-1
Let m(c) = -6*c**3 - c**2 + 3*c - 2. What is m(1)?
-6
Let r(j) = -3*j + 42. Determine r(17).
-9
Let x(f) = 4*f**2 - 94*f + 43. Give x(23).
-3
Let f(d) = -5*d**2 - 8*d + 13. Calculate f(2).
-23
Let j(i) = -8*i + 3. What is j(-4)?
35
Let a(p) = 2*p - 14. Give a(7).
0
Let q(r) = 2*r**2 - 15*r - 9. What is q(7)?
-16
Let b(u) = -6*u - 109. What is b(-17)?
-7
Let f(k) = k**3 + 14*k**2 + k + 10. Determine f(-14).
-4
Let w(a) = -4*a**2 + 3*a + 12. What is w(6)?
-114
Let w(a) = -a**3 + 15*a**2 + 2*a - 23. Determine w(15).
7
Let b(w) = -w**3 + 17*w**2 - 30*w. Determine b(15).
0
Let c(d) = 6*d**2 - 133*d - 4. Giv